ided by 9.
7
Suppose -3*h - 4*s + 59 = 0, -3*h + 24 = -3*s - 0*s. Let p(v) = v + 40. Let f be p(-9). Let k = f - h. Calculate the remainder when 70 is divided by k.
16
Let t = 4 - 9. Let v(f) = -f**2 - 6*f - 2. Let q be v(t). Suppose w - 3*l = -4*l + 11, q*w - 17 = 5*l. Calculate the remainder when 17 is divided by w.
8
Suppose 22 = 3*s - 5*n, -2*s + 26 = -3*s - 5*n. Calculate the remainder when 28 + 5 + 2 + 8/4 is divided by -39*(s/3 - 0).
11
Let b = 9 + -17. Let p = -6 - b. Suppose 3*x - 3*n - 45 = -0*n, 5*x + p*n = 89. Calculate the remainder when x is divided by 9.
8
Suppose -u - 49*n + 231 = -54*n, -773 = -3*u - 5*n. What is the remainder when u is divided by 93?
65
Suppose 191 = 5*i + 691. Let p = i - -157. What is the remainder when p is divided by 15?
12
Calculate the remainder when 164 is divided by (-5031)/(-180) + (-15)/(-300).
24
Suppose 2*u + 4 = -4, 4*j - 5*u = 104. What is the remainder when 61 is divided by j?
19
Let c = -4 + 7. Suppose h - 4*o + 15 = 0, -c*h = -o - 2*o. What is the remainder when 9 is divided by h?
4
Let i(a) = a + 11. Calculate the remainder when 180 is divided by i(20).
25
Let w(b) = -b - 5. Let k be w(-8). Calculate the remainder when (-27)/(-36) - 450/(-8) is divided by (-3)/((-9)/69) - k.
17
Suppose 3*n - 3*k - 33 = 0, 2*k = -5*n + 5 + 22. Let q(r) = n - 10 + 0 + 2*r - 14. What is the remainder when q(14) is divided by 5?
1
Let t(v) = v**3 + 10*v**2 + 8*v. Let i be t(-9). Suppose -6*x + i*x - 54 = 0. What is the remainder when 32 is divided by x?
14
Suppose 3 + 51 = z. What is the remainder when 155 is divided by z?
47
Calculate the remainder when 0 + 328 - 477/(-53) is divided by 19.
14
What is the remainder when (-4)/(-12)*(30 - (1 - 4)) is divided by 4?
3
Let j(y) = -3*y**2 + 16*y + 10. What is the remainder when 2399 is divided by j(5)?
14
Let u = 1159 - 1036. What is the remainder when u is divided by 26?
19
Let l(o) be the third derivative of -o**5/60 - 13*o**4/24 + 19*o**3/6 + 3*o**2. Calculate the remainder when 17 is divided by l(-14).
2
Suppose -42 = 65*a - 68*a. Calculate the remainder when 40 is divided by a.
12
What is the remainder when 12 is divided by (3 - (3 + -4)) + -2?
0
Suppose 5*q + 314 = 429. What is the remainder when q is divided by 15?
8
Let c = 118 + -116. Suppose 0 = 2*z + y - 10, -3*z + 5*y = c*y + 3. Calculate the remainder when 14 is divided by z.
2
Let c = -314 - -345. Calculate the remainder when 61 is divided by c.
30
Suppose 408 = -3*x + 7*x. Calculate the remainder when x is divided by 322/22 + 16/44.
12
Suppose -9*d = 169 - 61. Let f be (24/10)/(1/15). What is the remainder when d/14*(-6 - f) is divided by 10?
6
Let a(r) = -r**3 - 8*r**2 - 5*r - 10. Suppose 3*n - 231 = -4*x + 360, 0 = 2*n - 2. Calculate the remainder when x is divided by a(-8).
27
Let s(t) = t**3 - 8*t**2 + 2*t - 7. Let l be s(8). Suppose -4*q + 31 = -l. Calculate the remainder when 108/10 - (-2)/q is divided by 4.
3
Suppose 4*z - 8*r + 4*r - 284 = 0, 0 = 3*r + 9. Suppose -4*a + 33 = 2*l - 109, 2*a + 2*l - z = 0. What is the remainder when 110 is divided by a?
36
Let p = -30 + 160. Calculate the remainder when 49 is divided by 1/(((-15)/p)/(-3)).
23
Suppose 4*z + 3*k = 309, -15*z + 3*k = -10*z - 366. Let m = -9 - -22. What is the remainder when z is divided by m?
10
Suppose -6*z = -3925 + 3229. What is the remainder when z is divided by 48?
20
Let f = 12 - -30. Suppose 0 = 4*n - 2 - f. Let p = 27 - n. Calculate the remainder when 31 is divided by p.
15
Let h(q) = 11*q + 164. What is the remainder when h(-10) is divided by 15?
9
Calculate the remainder when 2/1*(-15)/(-2) is divided by (((-32)/(-6))/16)/((-3)/(-81)).
6
Suppose -60*r + 12243 = 17*r. What is the remainder when 171 is divided by r?
12
Let p = -337 + 390. Calculate the remainder when 160 is divided by p.
1
Let x(j) = j**3 + 3*j**2 - 2*j - 11. Calculate the remainder when x(3) is divided by 1/((-1)/2) - -12.
7
Let y(s) = s**3 - 29*s**2 + 173*s - 63. Calculate the remainder when y(21) is divided by 15.
12
Suppose 8*s + 10 = 10*s. Let t = -163 + 286. Suppose -s*v = -4*v - t. Calculate the remainder when v is divided by 31.
30
Suppose 45*s = -6 + 231. Let i be (1/2)/((-1)/(-10)). Calculate the remainder when 44/i - 1/(-5) is divided by s.
4
Let k = -13090 - -13098. Suppose -4*x + 19 + 69 = 0. What is the remainder when x is divided by k?
6
Calculate the remainder when (632/12 + 0)/((-6)/(-45)) is divided by 40.
35
Suppose 0 = -4*v + 10 + 6. Calculate the remainder when 9 is divided by v + (2/4)/(3/(-6)).
0
Suppose -372 = 3*b + 9*m - 7*m, 0 = -2*m + 6. Let a(y) = 7*y**2. Let l be a(-1). Calculate the remainder when 34 is divided by b/l*(-2)/2.
16
Suppose 0 = -5*y + 5 + 10. Suppose 2*x = 2*f + 6, -4*x + 9*x = 2*f + 30. What is the remainder when x is divided by y?
2
Suppose -3*a + 58 = 4*u - 0*u, -3*u = 4*a - 47. Suppose 0 = -4*f + u*f - 153. Calculate the remainder when 64 is divided by f.
13
Let f(b) = -b**2 + 42*b - 94. Calculate the remainder when 275 is divided by f(39).
22
Suppose c - 5*c = -16. Suppose 18 = 4*g + 2*k + c, -3*k + 3 = 0. Suppose g*m + 149 = 5*y + 2*m, -4*y + 123 = 3*m. What is the remainder when 58 is divided by y?
28
Let f(s) = -s**2 - 7*s + 10. Let h be f(-8). Suppose -5*a - h*a + 70 = 0. What is the remainder when 18 is divided by a?
8
Suppose 0 = 11*d - 8*d - 27. Suppose -2*v + d = -15. What is the remainder when 21 is divided by v?
9
Suppose -14 = -5*y - 49. Let j(w) = -w**3 - 5*w**2 + 7*w - 2. Let z(b) = 17*b - 192. What is the remainder when j(y) is divided by z(12)?
11
Let b(o) = -o**2 + 4*o + 7. Let d be b(5). Suppose 2*k = -x - d*x + 18, -3*k + 1 = -2*x. Suppose 8*f = x*f + 96. What is the remainder when 45 is divided by f?
21
Suppose -3*i + 36 + 9 = 2*v, -4*v + 3*i + 117 = 0. Suppose -3*s + 4*s - 71 = -5*b, 3*b = -5*s + 47. What is the remainder when v is divided by b?
13
Suppose 71 = 5*x - 54. Suppose 7*h = -x + 123. Calculate the remainder when 24 is divided by h.
10
Suppose 0 = 2*q + 2*c + 3*c - 27, 0 = -c - 3. Calculate the remainder when 27 is divided by (-90)/(-14) + 12/q.
6
Suppose 4*a - 3*k - 42 = 0, 3*a - 30 = -0*a + 3*k. Let z = a + -10. Calculate the remainder when 2/z*-1 - -88 is divided by 22.
21
Suppose 760 = 5*f - 4*v, 3*v + 173 = f - 2*v. Let s = f + -129. Calculate the remainder when 93 is divided by s.
17
Suppose 4*d + 27 = 15. Calculate the remainder when 55 is divided by (57*1*d/9)/(-1).
17
Let y be (0/(-1))/(-4 + 5). Suppose 5*x - 198 - 172 = y. What is the remainder when x is divided by 11?
8
Suppose -w - 3*o = -1, w - 3*o - 5 = -2*o. Suppose w + 6 = 5*h. What is the remainder when 26/h - (0 + 2) is divided by 7?
4
Let d be (444/(-10))/((-12)/40). Let t = d + -76. What is the remainder when t is divided by 37?
35
Let q be -3 + 5 + 2 + 0. Suppose -s = -q*k + 12 + 24, -99 = 4*s - k. What is the remainder when 122/8 - 18/s is divided by 9?
7
Suppose -3*c = -4*l - 46, -4*c + 3*l = 2*l - 57. Let t(y) = -y**3 + 9*y**2 + 2*y + 7. What is the remainder when t(9) is divided by c?
11
Suppose 0 = h - 6 + 16. Calculate the remainder when (-7 - -5)/(h/(-12) + -1) is divided by 5.
2
Let m be (-13)/3 - 2/(-6). Let l = 21 + m. Let k = 16144 - 16141. What is the remainder when l is divided by k?
2
Suppose l = 4*o - 172 + 525, o + 84 = -4*l. Let b = -84 - o. Calculate the remainder when 3/4 - (-164)/16 is divided by b.
3
Let o = 24 + 3. Let w = o - -8. What is the remainder when w is divided by 20?
15
Suppose -3*l = -8*l - 1990. Let u = -54 + 77. Calculate the remainder when l/(-6) + 16/24 is divided by u.
21
Let v = -43 + 45. Calculate the remainder when -11*(-1)/v + 2/4 is divided by 4.
2
Suppose 9*c = 2*s + 4*c - 31, -2*s + c = -19. Let f(j) = -j**2 - 6*j + 19. Let x be f(-7). What is the remainder when (-5 - -1)*(1 - 105/x) is divided by s?
7
Let f = -8 - -20. Let h(z) be the third derivative of -z**5/60 - z**4/3 - 5*z**3/6 + z**2. Calculate the remainder when f is divided by h(-6).
5
Let v(m) = m**3 + 20*m**2 + 48*m - 27. What is the remainder when v(-17) is divided by 9?
6
Let l(t) = t**2 + 6*t + 11. Let z be l(-8). Let s = z + -22. Suppose 0 = 3*d - b - 82, s*d + 22 = 3*b + 152. What is the remainder when d is divided by 15?
14
What is the remainder when 273 is divided by (-3 + 13)/(50/725)?
128
Let